- 2*w. Does 13 divide n?
True
Let c be (-1)/(2/4) + 5. Does 9 divide 20 + (-2 + c)*-2?
True
Let y(o) = -o**3 + 4*o**2 + 4*o + 2. Let x be y(5). Is 11 a factor of (1/x)/(4/(-132))?
True
Suppose 6*k + 177 = 597. Does 14 divide k?
True
Let w(a) = a**2 + 11*a - 7. Does 6 divide w(5)?
False
Suppose -7*r - 55 = -4*k - 4*r, 64 = 5*k + r. Let z = -9 + k. Does 3 divide z?
False
Let h(b) = b**2 + 3*b - 5. Let o be h(-5). Suppose -4*j + 7*j - o*p - 1 = 0, -3 = -3*p. Suppose -j*n = -4*n + 8. Is n a multiple of 3?
False
Suppose -4*l = l - 75. Is 4 + l + (2 - 1) a multiple of 16?
False
Suppose 0 = -3*t + 44 + 4. Does 11 divide t?
False
Suppose 3*v + 9 = 4*h, 2*h + v = -3*v - 12. Suppose -f + 3*n - 5*n + 26 = 0, h = -f - 3*n + 27. Is f a multiple of 10?
False
Suppose 3*w + 10 + 3 = r, r = 4*w + 19. Let h(j) = j**3 + 4*j**2 - 9*j - 6. Let b be h(w). Let s = -14 - b. Is s a multiple of 6?
False
Let g be 4 - 36/8*-18. Suppose -5*a + v + 109 = 0, 4*a + 0*v = 3*v + g. Is a a multiple of 22?
True
Let k(d) = 4*d**2 + 2*d - 2. Let r(u) = u**2 - 7*u + 7. Let t be r(6). Let c(b) = -b**2 - 1. Let z(o) = t*k(o) - 4*c(o). Does 13 divide z(-2)?
False
Suppose 128 = 4*f - 4*t, 5*f + t - 3*t - 163 = 0. Suppose i - f = 36. Is 23 a factor of i?
True
Let f(b) = 13*b - 1. Let v be f(2). Suppose 6*c = c + v. Does 3 divide c?
False
Suppose -g - 2 = u, -3*u - 4*g - 2 = -0. Let z(h) = -h**3 - 7*h**2 - 10*h + 2. Is 13 a factor of z(u)?
True
Let q = 8 - 6. Suppose -q*b + 24 = 5*s - 17, 3*s - 47 = -4*b. Does 6 divide b?
False
Let z = 35 + -11. Suppose 3*r + 3*p = z, 3*r = 3*p + 10 + 20. Let w = r - -7. Does 8 divide w?
True
Let o(f) = 2*f**2 - 5*f + 1. Let g(p) = -p**2 + 4*p - 1. Let y(v) = 3*g(v) + 2*o(v). Is y(3) a multiple of 7?
True
Let r be 56/30 - (-10)/75. Suppose x - 4*m + 8 = r*x, -x + 4*m + 32 = 0. Is x a multiple of 5?
True
Let i = -3 - -5. Suppose -i*x = -0*x. Suppose 5*m + 16 - 71 = x. Is m a multiple of 4?
False
Let d(p) = -25*p + 24. Is d(-3) a multiple of 11?
True
Does 16 divide (-4 - (-3)/1) + 33?
True
Let q(z) = 5*z**2 - 6*z. Is 25 a factor of q(5)?
False
Let b = 78 - 37. Does 13 divide b?
False
Let o(w) be the second derivative of w**7/315 - w**5/120 - w**4/12 - w. Let f(d) be the third derivative of o(d). Does 7 divide f(1)?
True
Is 26 a factor of -2 + 79/1 + 4/4?
True
Suppose 25 = -5*b, 0*b = 5*c - b + 60. Let s = -54 - c. Let m = s + 57. Is m a multiple of 8?
True
Let z(v) be the first derivative of -v**4/4 - 10*v**3/3 - 11*v**2/2 - 2*v + 3. Does 8 divide z(-9)?
True
Let o(c) = 9*c**2 + 3*c. Does 7 divide o(2)?
True
Let m(b) = 4*b**3 + 9*b**2 + 6*b - 3. Let o(a) = 11*a**3 + 27*a**2 + 17*a - 9. Let z(i) = 8*m(i) - 3*o(i). Is z(-9) a multiple of 15?
True
Suppose -3*x = -21 - 75. Is 16 a factor of x?
True
Suppose 0 = 5*u - 52 - 43. Is u a multiple of 8?
False
Suppose 3*c - 136 = -b, 3*b - b = -3*c + 257. Is 26 a factor of b?
False
Let n = 118 - -95. Does 12 divide n?
False
Let r be ((-2)/(-4) + -1)*-34. Let s = r + -12. Does 5 divide s?
True
Suppose 6 = k - 8. Suppose z = b - 3, 2*z - 3 = 3*b - 7. Let y = k - b. Is 8 a factor of y?
True
Does 20 divide (-1)/6*2 - 250/(-3)?
False
Let p = 93 + -29. Is p a multiple of 23?
False
Suppose -f = 2*w - 5, 3*f + 0*w = -4*w + 15. Suppose -2*k + 3 = -3*z, 3*k - 3*z = 5*k + 3. Suppose -t - 3*t = 2*p - 16, -4*p - f*t + 38 = k. Does 12 divide p?
True
Let m(w) = w**3 + w**2 + 4*w + 49. Does 7 divide m(0)?
True
Let a be (135/(-12))/((-3)/32). Suppose 4*g - a = -0*g. Does 10 divide g?
True
Let q(p) = p + 97. Let j be q(0). Suppose -2*c = -5*d - j, -4*c + 215 = -3*d - 0*d. Is c a multiple of 23?
False
Let d(r) = 5 - 6*r - 8*r**2 + 2*r - r**3 - 4*r. Is d(-7) even?
True
Let d be -4 + 1 - (-10 - -4). Suppose d*m + m - 2*f = 32, 0 = -f + 2. Does 3 divide m?
True
Let u = 2 + -3. Let f be (u + 1)*(-4)/(-8). Suppose 0 = -f*a + 5*a - 70. Is a a multiple of 14?
True
Let v be 6*(-1 + 10/6). Let a(b) = -3*b - b + 2*b**2 + 4 - 2 - b. Is 5 a factor of a(v)?
False
Suppose y = -2*s + 81 - 14, 5*s - 73 = -y. Is 21 a factor of y?
True
Suppose -m + 2*m - 64 = 5*g, 3*m - 3*g = 240. Suppose 2*t = 5*f + 7*t + 10, 3*f + 2*t + 1 = 0. Suppose j - m = -f*j. Does 21 divide j?
True
Let t = 408 - 627. Does 16 divide 3/15 + t/(-5)?
False
Is 82*5*4/20 a multiple of 22?
False
Suppose -5*g + 563 = 4*j, -4*j = -2*g + 6*g - 452. Does 39 divide g?
False
Let d = 22 + -4. Is d a multiple of 9?
True
Suppose -8*b + 3663 = 3*b. Does 37 divide b?
True
Let g = 5 - 26. Let k = -11 - g. Does 10 divide k?
True
Suppose 2*j + 16 = 114. Is j a multiple of 26?
False
Let b = 0 - -9. Suppose -r = b - 23. Is r a multiple of 7?
True
Does 17 divide ((-584)/36*3)/(4/(-6))?
False
Suppose 2*i - 295 = -3*o, 2*o + 2*i - 180 = 4*i. Let a(s) = -2*s - 8. Let y be a(-6). Suppose y*l - o = -3. Is 15 a factor of l?
False
Let k be (1 - 2) + (-12)/2. Let v(r) = -3*r. Is v(k) a multiple of 8?
False
Let h(i) = 6*i**2 - 7*i + 12. Is h(4) a multiple of 16?
True
Suppose -4*k + 3 = 3*l, -2*k = 2*k. Does 17 divide -3*1 - (l + -38)?
True
Let h(w) be the third derivative of 13/24*w**4 + 0 + 0*w - 4*w**2 - 1/6*w**3. Is 5 a factor of h(1)?
False
Suppose 0 = -w - w + 74. Is w a multiple of 10?
False
Suppose 0 = -i - 3*o + 9, 2*i = -5*o - 2 + 25. Is i a multiple of 6?
True
Suppose -w + 4*w - 121 = 4*k, 5*k = 4*w - 150. Is -3 + (0 - (k + -2)) a multiple of 13?
False
Suppose m = -3*o + 6, -3*o + 3*m + 2*m = -6. Suppose 0 = -o*b + s + 23, 2*b = -7*s + 2*s + 5. Is b a multiple of 5?
True
Is 16 a factor of 133 + 2/8*4?
False
Let i = 0 + 1. Let d be (5 - 3 - -1)*i. Suppose d*c = -4*s - 8, -3*s = -0*c + 3*c + 3. Is 4 a factor of c?
True
Let l = -2 - -4. Suppose -l*b + 1 + 13 = 0. Does 3 divide b?
False
Suppose 0 = -2*r + 2*f + 8, -46 = -2*r - 2*r - 2*f. Suppose 30 + r = s. Is 13 a factor of s?
True
Suppose 4*u + 3*d = 26, -4*u + 0 = -d - 18. Let q = 21 - u. Is 4 a factor of q?
True
Let m(j) = 14*j - 5. Let p(w) = 7*w - 3. Let s(v) = -3*m(v) + 7*p(v). Suppose 2*o = 4*q - 3*q - 14, -5*q = 5*o + 5. Is 11 a factor of s(q)?
True
Is 16 a factor of (-2)/(-3) + 1445/15 - 1?
True
Let r(d) = -14*d**2 + 4*d + 18. Let p(y) = 5*y**2 - y - 6. Let x(f) = 11*p(f) + 4*r(f). Let q = -12 + 17. Is x(q) a multiple of 5?
False
Let j = -28 + 53. Let s = j - 17. Is s a multiple of 7?
False
Suppose -2*o + 2*n + 6 = 0, -6 = -2*n - 14. Is 10 a factor of o/((-50)/(-52) + -1)?
False
Let w be -1 + -1*15 - 0. Let h = -27 - w. Let g = -7 - h. Is g a multiple of 3?
False
Let s = -67 + 113. Suppose -4*v = -v - q - 28, 3*q - s = -4*v. Is v a multiple of 8?
False
Let y(c) = 22*c**3 + 2*c**2 - 2*c + 1. Suppose -5*p + 0*p = -25. Suppose 2*s = -3*s + p. Does 10 divide y(s)?
False
Suppose -6*a + 13 + 11 = 0. Suppose 4*k - 8 = -24, 0 = -a*s - k + 252. Does 17 divide s?
False
Let k = 10 - 15. Let f = k + 3. Does 14 divide 70/15*(-9)/f?
False
Let x(p) = -p**2 + 20*p - 7. Let u be 2/(-8) + 244/16. Is 17 a factor of x(u)?
True
Let h(b) = b**3 - 3*b**2 + b. Let q be h(2). Let k = -2 - q. Suppose -5*g + 137 + 58 = k. Does 14 divide g?
False
Does 36 divide 27*1/(9/12)?
True
Let i = 7 - 4. Let j(q) = -q**3 - 4*q**2 + 8*q - 4. Let d be j(-6). Suppose -i*h + 5 + 7 = 3*p, 0 = p - 3*h - d. Is p a multiple of 5?
False
Let i = 6 - 6. Suppose 2*g - 6 - 14 = 2*o, -g - 2*o + 10 = i. Is 4 a factor of g?
False
Suppose 5*r - 95 = 5*n, 3*r + 0*n - 5*n - 47 = 0. Let t = r - 13. Is t a multiple of 4?
False
Let g(k) = k**2 + 3*k - 7. Let w be g(-5). Suppose -5*i = -0*a + 4*a - 71, 4*i - w*a = 63. Does 6 divide i?
False
Let r(q) = -q**3 + 9*q**2 + 15*q - 2. Does 6 divide r(10)?
True
Suppose -6 = -2*k, y - 2*k - 93 = 1. Is 21 a factor of y?
False
Let o(n) be the third derivative of -n**4/24 + 11*n**3/3 + n**2. Suppose 0 = -4*z - 4*q, -3*q = 5*z - 2*q. Does 11 divide o(z)?
True
Suppose 0*r = 3*r - 120. Suppose 0 = 4*a + o - 97, 159 = 5*a + 2*o + r. Suppose 3*q = -2*w + 47, -103 = -5*w - 4*q + a. Is 14 a factor of w?
True
Let n = -4 - -4. Suppose 4*d - 3*w = -n*d + 250, 3*d = 2*w + 187. Suppose 5*a = -4*z + d + 57, -120 = -5*a - 5*z. Is a a multiple of 11?
True
Let a be (-4)/(-10)*(3 - -2). Suppose a*w + 2*w = 112. Suppose -s = -3*s - 5*p + w, 2*s - p - 28 = 0. Is s a multiple of 8?
False
Suppose -4*t + 4 = 0, r - 70 = -0*t - t. Is 23 a factor of r?
True
Is 14 a factor of -2 + (-4)/2 